{"id":213,"date":"2021-02-10T20:42:21","date_gmt":"2021-02-10T20:42:21","guid":{"rendered":"https:\/\/www.achtsam-coaching.de\/?page_id=213"},"modified":"2021-02-10T21:03:13","modified_gmt":"2021-02-10T21:03:13","slug":"massagen","status":"publish","type":"page","link":"https:\/\/www.achtsam-coaching.de\/?page_id=213","title":{"rendered":"Massagen"},"content":{"rendered":"\n<p><strong>Breuss-Massage<\/strong><\/p>\n\n\n\n<p>Regeneration, Stabilisierung, Entspannung der Muskulatur<\/p>\n\n\n\n<p>Die Breuss-Massage wurde als eine Bandscheiben-Regenerations-Massage entwickelt. Diese Form der energetischen R\u00fcckenmassage l\u00f6st sanft seelische und k\u00f6rperliche Blockaden, lockert die Muskulatur entlang der Wirbels\u00e4ule und leitet die Regeneration unterversorgter Bandscheiben ein. Die Massage beginnt im Lendenwirbelbereich und setzt sich stufenweise bis zum Nacken hin fort. Zur Behandlung wird ein spezielles Johanneskraut-\u00d6l verwendet, das von den Bandscheiben leicht aufgenommen wird und ihnen nicht nur mehr Volumen gibt, sondern sie auch weicher und elastischer macht. Die Muskeln und B\u00e4nder im Wirbels\u00e4ulenbereich werden entspannt, die Wirbels\u00e4ule gest\u00e4rkt und stabilisiert, die Regeneration der Nerven- und Bandscheiben aktiviert und der Energiefluss angeregt. Durch diese Methode lassen sich teilweise auch Wirbelverschiebungen korrigieren. Die Breuss-Massage stellt au\u00dferdem eine ideale Vorbereitung auf die DORN-Behandlung dar.<\/p>\n\n\n\n<p><strong>Thail\u00e4ndische Fu\u00dfmassage<\/strong><\/p>\n\n\n\n<p>Diese Massage ist ein Erlebnis der besonders sinnlichen Art und auf jeden Fall weiterzuempfehlen.<\/p>\n\n\n\n<p>Vielleicht, weil die meisten Mitteleurop\u00e4er ein eher gespaltenes Verh\u00e4ltnis zu ihren F\u00fc\u00dfen haben. Sie sollen funktionieren, alles andere ist Nebensache. Im Sommer wird ein wenig lackiert, \u00fcber Blasen \u00e4rgern wir uns nur und dar\u00fcber hinaus ist nahezu jede Frau der Meinung, sie habe die h\u00e4sslichsten Zehen auf der Welt.<\/p>\n\n\n\n<p>Was dann passiert, l\u00e4sst sich schwer beschreiben. Eine gute Dreiviertelstunde bearbeitet eine Masseurin meine F\u00fc\u00dfe, Zeh f\u00fcr Zeh, Zehzwischenraum f\u00fcr Zehzwischenraum, Zehenspitzen, arbeitet sich von Fu\u00dfsohle \u00fcber Kn\u00f6chel und Wade bis hin zum Schienbein. Ein gro\u00dfer Topf Creme wird immer wieder zur Hilfe genommen, meine Beine in Handt\u00fccher geschlagen und wieder ausgepackt. Kraftvoll dr\u00fcckt die Masseuse jeden Punkt meiner Fu\u00dfsohle, zieht an den Zehengliedern bis sie knacken und klopft meine Beine fest, aber angenehm ab. Besonders suspekt ist mir ein kleiner Stab, mit dem sie mir in die Zehenspitzen piekt. Das ist nicht nur angenehm. Gelegentlich folgt dem Druck ein stechender Schmerz. Weil ich aber offensichtlich meine F\u00fc\u00dfe kaum kenne, schwanken meine Empfindungen irgendwo zwischen Schmerz, Kitzeln, Verwunderung und Entspannung. Ich wei\u00df nichts von den Energiezonen zwischen meinen Zehenballen, und meine Masseurin wird sich schon auskennen. Immerhin gibt es die Methode seit etwa 4.000 Jahren. Als ich ein Erfrischungsgetr\u00e4nk gereicht bekomme, bin ich am ganzen K\u00f6rper wunderbar erholt. Meine F\u00fc\u00dfe f\u00fchlen sich so beweglich an wie noch nie. Ich beschlie\u00dfe, sie in Zukunft besser zu behandeln.<\/p>\n\n\n\n<p>Zu Hause gehe ich der Sache noch einmal nach: Durch eine Fu\u00dfmassage werden Stress, Blockaden und Verspannungen gel\u00f6st, Gl\u00fcckshormone ausgesch\u00fcttet, die inneren Organe positiv stimuliert, das Immunsystem gest\u00e4rkt. Soso. Nennen wir es einfach ein Rundum-Wohlgef\u00fchl. Ich mache mich also auf die Suche nach einem Thai-Spa in Deutschland.<\/p>\n\n\n\n<p><strong>Ganzk\u00f6rpermassage: tiefe Entspannung von Kopf bis Fu\u00df<\/strong><\/p>\n\n\n\n<p>Die Ganzk\u00f6rpermassage ist kein gesch\u00fctzter Begriff und kann verschiedene Massagetechniken umfassen. Sowohl Aroma\u00f6l-, Lomi-Lomi- und Thai-Massagen geh\u00f6ren zum Bereich der Ganzk\u00f6rpermassagen. Bei uns erf\u00e4hrst Du mehr zu der Wirkungsweise und dem Ablauf der Behandlungsformen. Au\u00dferdem erz\u00e4hlen wir Dir, wer Ganzk\u00f6rpermassagen anbietet und was diese Kosten.<\/p>\n","protected":false},"excerpt":{"rendered":"<p>Breuss-Massage Regeneration, Stabilisierung, Entspannung der Muskulatur Die Breuss-Massage wurde als eine Bandscheiben-Regenerations-Massage entwickelt. Diese Form der energetischen R\u00fcckenmassage l\u00f6st sanft seelische und k\u00f6rperliche Blockaden, lockert die Muskulatur entlang der Wirbels\u00e4ule und leitet die Regeneration unterversorgter Bandscheiben ein. Die Massage beginnt im Lendenwirbelbereich und setzt sich stufenweise bis zum Nacken hin fort. Zur Behandlung wird ein &hellip; <\/p>\n<p class=\"link-more\"><a href=\"https:\/\/www.achtsam-coaching.de\/?page_id=213\" class=\"more-link\"><span class=\"screen-reader-text\">\u201eMassagen\u201c <\/span>weiterlesen<\/a><\/p>\n","protected":false},"author":1,"featured_media":0,"parent":0,"menu_order":0,"comment_status":"closed","ping_status":"closed","template":"","meta":{"footnotes":""},"class_list":["post-213","page","type-page","status-publish","hentry"],"_links":{"self":[{"href":"https:\/\/www.achtsam-coaching.de\/index.php?rest_route=\/wp\/v2\/pages\/213","targetHints":{"allow":["GET"]}}],"collection":[{"href":"https:\/\/www.achtsam-coaching.de\/index.php?rest_route=\/wp\/v2\/pages"}],"about":[{"href":"https:\/\/www.achtsam-coaching.de\/index.php?rest_route=\/wp\/v2\/types\/page"}],"author":[{"embeddable":true,"href":"https:\/\/www.achtsam-coaching.de\/index.php?rest_route=\/wp\/v2\/users\/1"}],"replies":[{"embeddable":true,"href":"https:\/\/www.achtsam-coaching.de\/index.php?rest_route=%2Fwp%2Fv2%2Fcomments&post=213"}],"version-history":[{"count":1,"href":"https:\/\/www.achtsam-coaching.de\/index.php?rest_route=\/wp\/v2\/pages\/213\/revisions"}],"predecessor-version":[{"id":214,"href":"https:\/\/www.achtsam-coaching.de\/index.php?rest_route=\/wp\/v2\/pages\/213\/revisions\/214"}],"wp:attachment":[{"href":"https:\/\/www.achtsam-coaching.de\/index.php?rest_route=%2Fwp%2Fv2%2Fmedia&parent=213"}],"curies":[{"name":"wp","href":"https:\/\/api.w.org\/{rel}","templated":true}]}}